{"id":414,"date":"2025-08-18T09:24:21","date_gmt":"2025-08-18T09:24:21","guid":{"rendered":"https:\/\/7d.baldessano.roccati.edu.it\/?page_id=414"},"modified":"2025-09-01T14:20:31","modified_gmt":"2025-09-01T14:20:31","slug":"ex-allievi","status":"publish","type":"page","link":"https:\/\/7d.baldessano.roccati.edu.it\/?page_id=414","title":{"rendered":"EX ALLIEVI"},"content":{"rendered":"<p class=\"font_7\">Dopo un primo anno di collaudo, quello del 2016, nel quale la compagnia gi\u00e0 &#8220;7D senior&#8221;, ora &#8220;Compagnia del buon teatraccio&#8221;, degli ex allievi ha assunto una conformazione ben delineata ed ha esordito con il suo primo spettacolo, il progetto di inserire i ragazzi &#8220;grandi&#8221; usciti dal Baldessano Roccati nella coordinazione del Laboratorio Teatrale Scolastico \u00e8 venuto quasi da s\u00e9. L&#8217;entusiasmo e la seriet\u00e0 dimostrati da tutti questi giovani hanno ritagliato loro un ruolo organizzativo importante e quest&#8217;inserimento, oltre a essere molto utile nella gestione del testo e della recitazione all&#8217;interno del laboratorio,&nbsp; \u00e8 fondamentale per la crescita e l&#8217;espansione di una compagnia che vuole ritagliarsi un posto d&#8217;onore nel panorama artistico del territorio. Inoltre, il continuo rapportarsi tra studenti giovani ed ex allievi pi\u00f9 esperti permette la creazione di un ambiente stimolante, in cui fare teatro: prima di essere un&#8217;esigenza puramente artistica, \u00e8 un&#8217;esperienza umana di crescita e di confronto.<\/p>\n<p class=\"font_7\">Il progetto finale \u00e8 stato quello di scindere le due realt\u00e0, quella degli allievi da quella degli ex allievi: questi ultimi hanno creato una loro compagnia e attualmente seguono il laboratorio scolastico sia nella regia sia nell&#8217;organizzazione, portando avanti progetti e spettacoli di livello sempre pi\u00f9 alto e frequentando corsi e laboratori teatrali grazie ai quali si aggiornano e maturano proposte innovative.<\/p>\n<div id=\"comp-iqxhxbbo\" class=\"txtNew\" data-packed=\"true\">\n<h1 class=\"font_0\" style=\"text-align: center;\"><span class=\"color_19\" style=\"font-size: 18pt;\">IL PRIMO SPETTACOLO della 7D SENIOR<\/span><\/h1>\n<\/div>\n<div id=\"comp-iqxhxbbp\" class=\"txtNew\" data-packed=\"true\">\n<h6 class=\"font_6\" style=\"text-align: center;\"><span style=\"font-size: 10pt;\">DALL&#8217;11 AL 13 MARZO 2016 &#8211; &#8220;QUALCHE GRAMMO DI FELICITA'&#8221;<\/span><\/h6>\n<p>&nbsp;<\/p>\n<p><img loading=\"lazy\" decoding=\"async\" class=\"wp-image-361 size-large aligncenter\" src=\"https:\/\/7d.baldessano.roccati.edu.it\/wp-content\/uploads\/teatro\/2019\/10\/Logo-Buon-Teatraccio-sfondo-bianco_Tavola-disegno-1-1024x308.png\" alt=\"\" width=\"525\" height=\"158\" srcset=\"https:\/\/7d.baldessano.roccati.edu.it\/wp-content\/uploads\/teatro\/2019\/10\/Logo-Buon-Teatraccio-sfondo-bianco_Tavola-disegno-1-1024x308.png 1024w, https:\/\/7d.baldessano.roccati.edu.it\/wp-content\/uploads\/teatro\/2019\/10\/Logo-Buon-Teatraccio-sfondo-bianco_Tavola-disegno-1-300x90.png 300w, https:\/\/7d.baldessano.roccati.edu.it\/wp-content\/uploads\/teatro\/2019\/10\/Logo-Buon-Teatraccio-sfondo-bianco_Tavola-disegno-1-768x231.png 768w, https:\/\/7d.baldessano.roccati.edu.it\/wp-content\/uploads\/teatro\/2019\/10\/Logo-Buon-Teatraccio-sfondo-bianco_Tavola-disegno-1.png 1182w\" sizes=\"auto, (max-width: 525px) 100vw, 525px\" \/><\/p>\n<\/div>\n","protected":false},"excerpt":{"rendered":"<p>Dopo un primo anno di collaudo, quello del 2016, nel quale la compagnia gi\u00e0 &#8220;7D senior&#8221;, ora &#8220;Compagnia del buon teatraccio&#8221;, degli ex allievi ha assunto una conformazione ben delineata ed ha esordito con il suo primo spettacolo, il progetto di inserire i ragazzi &#8220;grandi&#8221; usciti dal Baldessano Roccati nella coordinazione del Laboratorio Teatrale Scolastico &hellip; <\/p>\n<p class=\"link-more\"><a href=\"https:\/\/7d.baldessano.roccati.edu.it\/?page_id=414\" class=\"more-link\">Continue reading<span class=\"screen-reader-text\"> &#8220;EX ALLIEVI&#8221;<\/span><\/a><\/p>\n","protected":false},"author":2,"featured_media":266,"parent":0,"menu_order":0,"comment_status":"closed","ping_status":"closed","template":"","meta":{"ngg_post_thumbnail":0,"footnotes":""},"class_list":["post-414","page","type-page","status-publish","has-post-thumbnail","hentry"],"_links":{"self":[{"href":"https:\/\/7d.baldessano.roccati.edu.it\/index.php?rest_route=\/wp\/v2\/pages\/414","targetHints":{"allow":["GET"]}}],"collection":[{"href":"https:\/\/7d.baldessano.roccati.edu.it\/index.php?rest_route=\/wp\/v2\/pages"}],"about":[{"href":"https:\/\/7d.baldessano.roccati.edu.it\/index.php?rest_route=\/wp\/v2\/types\/page"}],"author":[{"embeddable":true,"href":"https:\/\/7d.baldessano.roccati.edu.it\/index.php?rest_route=\/wp\/v2\/users\/2"}],"replies":[{"embeddable":true,"href":"https:\/\/7d.baldessano.roccati.edu.it\/index.php?rest_route=%2Fwp%2Fv2%2Fcomments&post=414"}],"version-history":[{"count":7,"href":"https:\/\/7d.baldessano.roccati.edu.it\/index.php?rest_route=\/wp\/v2\/pages\/414\/revisions"}],"predecessor-version":[{"id":3015,"href":"https:\/\/7d.baldessano.roccati.edu.it\/index.php?rest_route=\/wp\/v2\/pages\/414\/revisions\/3015"}],"wp:featuredmedia":[{"embeddable":true,"href":"https:\/\/7d.baldessano.roccati.edu.it\/index.php?rest_route=\/wp\/v2\/media\/266"}],"wp:attachment":[{"href":"https:\/\/7d.baldessano.roccati.edu.it\/index.php?rest_route=%2Fwp%2Fv2%2Fmedia&parent=414"}],"curies":[{"name":"wp","href":"https:\/\/api.w.org\/{rel}","templated":true}]}}